*w - 74919 = 10*w. What is the tens digit of w?
6
Let w = 145 + 44. Let b = w - 145. What is the tens digit of b?
4
Let i be 54/(-1) - (-3 + (-4 - -5)). Let f = -50 - i. Suppose 2*u - 171 = -4*x + 7, 4*u - 386 = f*x. What is the tens digit of u?
9
Let s(z) = 307*z + 154. Let p be s(-8). Let n = p + 3592. What is the tens digit of n?
9
Suppose -5*t = -0*t - 4*t. Suppose 0 = -5*l + 3*v + 3378, -3*l = -t*v - 3*v - 2028. Suppose 9*y - l = 4*y. What is the tens digit of y?
3
Suppose -m - 13 = -2*z - z, z + 5*m + 17 = 0. Suppose z*b + 6*y - 286 = y, b = -3*y + 94. What is the units digit of b?
7
Let k(x) = -x**3 + 15*x**2 + 7*x - 2. Let i be k(15). Let s = 145 - i. What is the tens digit of s?
4
Suppose j - 19348 = -s, -30*s + 38696 = -28*s + 3*j. What is the units digit of s?
8
Let b = 7603 + -4014. What is the hundreds digit of b?
5
Let a = 11 - 7. Suppose -2*g - l + 912 = 2*l, a*g - 5*l = 1824. Let s = g - 313. What is the tens digit of s?
4
Suppose 6*o - 649 = -157. Let p = o + -83. What is the units digit of ((2*-298)/4)/p?
9
Let k(n) = n**3 + 5*n**2 - n - 9. Let w be k(-4). Suppose 108 = -7*p + w*p. What is the hundreds digit of (-1406)/(-9) - 6/p?
1
Let y(a) = -24*a. Let f = -71 + 70. Let s be y(f). Suppose -l + s = 10. What is the units digit of l?
4
Suppose -3*d + p + 898 = 0, -20*d + p = -24*d + 1188. Suppose d = -10*j + 2138. What is the hundreds digit of j?
1
Suppose 2*h - 10 = -b, -4*b = -2*b - 4*h + 12. Suppose 2*v = 3*s + 379, 5*v = b*v + 4*s + 569. Suppose 0 = -27*w + 28*w - v. What is the units digit of w?
1
Let o be -2 + (-40)/(-22) + 4/22. Suppose o = -14*a - 717 - 95. Let r = 86 + a. What is the tens digit of r?
2
Let o = 37635 - 27740. What is the units digit of o?
5
What is the tens digit of -11816*((0*(-2 + 1))/3 - 3)?
4
What is the tens digit of -3*(-38152)/57 - -10?
1
What is the units digit of (32214 - -17) + 0/(-2)?
1
What is the thousands digit of ((-120378)/(-24) + 11)/((-3)/(-12))?
0
Suppose -3*c - y + 60 = -201, -4*c + 5*y + 329 = 0. Let x = c + -130. Let l = 62 + x. What is the tens digit of l?
1
Suppose 218*b + 3066270 = 344*b - 1967556. What is the ten thousands digit of b?
3
Let d(r) = -175*r - 1390. What is the units digit of d(-40)?
0
Let b(c) = 24*c + 72. Let m be b(0). Suppose -m*h = -83*h + 11880. What is the units digit of h?
0
What is the units digit of 17343 + 1/4*(-21 + 40 - 31)?
0
Suppose 4991 = -5*k + 2*s, -2*k - 516 - 1492 = 5*s. Let x = k + 1611. What is the units digit of x?
2
Let m(w) = w + 7. Let v be m(-2). Suppose -v*r + 20 = 0, -o + 20 = o + 4*r. Suppose 0*n + o*f = -5*n + 544, -3*n + 314 = -5*f. What is the hundreds digit of n?
1
Suppose -18*h - 22*h - 14*h + 582066 = 0. What is the tens digit of h?
7
Let x(c) = 121*c**2 - 16*c - 3. Let s be x(3). Let b = s + -731. What is the hundreds digit of b?
3
Suppose -48*r - 27*r + 415980 = 15*r. What is the thousands digit of r?
4
Suppose -4*v - 4*t + 228 = 0, -2*v + 141 - 29 = 4*t. Let y(z) = v*z - 3 + 77*z**2 - 28*z - 28*z. What is the units digit of y(1)?
6
Let x(p) = 13*p + 18. Let b be x(-1). Suppose -y + 8 = y. Suppose b*j - y*r = 353, -j - 207 = -4*j + 4*r. What is the tens digit of j?
7
Let t be -1*(2742/6 + 0). Let r = t + 649. What is the tens digit of r?
9
Let x(k) = 37*k**2 - 63*k - 136. What is the thousands digit of x(-7)?
2
Let j = -13339 - -24267. What is the thousands digit of j?
0
Suppose -u + 2100 = m, -u - 4*m + 7*m = -2120. Suppose -673 = -8*t - u. Let j = t + 305. What is the units digit of j?
6
Suppose -3*i + 508 = -2*w + 1477, -4*w + 4*i = -1944. Suppose -2*q - w = -1323. Suppose -211 - q = -4*s. What is the units digit of s?
7
Let s = 46919 + -20970. What is the thousands digit of s?
5
Let x(u) = -306*u**3 - u**2 - 5*u - 7. Let h be x(-2). Suppose -402 + h = 5*m. What is the units digit of m?
9
Suppose -7*n + 47 - 5 = 0. Suppose -n*q = -0*q + 132. What is the units digit of ((-110)/(-5))/((-4)/q)?
1
What is the thousands digit of (-4 - (-38 - -1))*17138/66?
8
Suppose t + 47*w = 45*w + 2944, 3*w = -5*t + 14720. What is the tens digit of t?
4
What is the hundreds digit of (-39*(-7)/(-84))/((-3)/7764)?
4
Suppose 0 = 8*i - 9*i + 4*o + 6026, -18092 = -3*i + 5*o. What is the units digit of i?
4
Let b(z) = -23*z - 5. Let d be b(-2). Let p = 47 - d. What is the units digit of -846*p/(-28) + 8/(-28)?
1
Let k(b) = 29*b**2 + 97*b + 3055. What is the units digit of k(-43)?
5
Let k(i) = 3*i + 7. Let p be k(4). Let j = p + -24. What is the units digit of j/(20/12) + 14?
1
Let n(q) = -98 + 83*q + 209 - 102 + 63*q - 70. What is the units digit of n(12)?
1
Let u = 45119 - 28972. What is the ten thousands digit of u?
1
Let x be (11/3 - 4)*-6 + 2. Suppose -35 = 4*g - h, g + 2*g + 31 = -x*h. What is the units digit of (-32)/72 - 760/g?
4
Let v = -14 - -16. Suppose -v*z + 2 = s + s, -s = -3*z - 13. Suppose 541 + 467 = s*l. What is the tens digit of l?
5
Let j = 53 - 53. Suppose j = 3*b + 4*g - 1269, 4*b - 2*g - 1692 = -3*g. What is the hundreds digit of b?
4
Let o = 59 - 54. Suppose 6 = -p + 5*w - 0, -2*p + 18 = o*w. Suppose 0 = -z, 2*s - 6*s + 368 = p*z. What is the tens digit of s?
9
Suppose 20 = -19*x + 24*x. What is the units digit of 213/((x/6)/(8/9))?
4
What is the tens digit of (-940875)/(-193) - (-13 - 0)?
8
Suppose -15*o = -12*o - 33. Suppose 0 = o*d - 10*d - 630. Suppose 6*b - d = -114. What is the tens digit of b?
8
Let g = -4 + 2. Let i(m) = -m + 2. Let u be i(g). Suppose -3*r - r = 3*y + 2, 5*y - u*r - 50 = 0. What is the units digit of y?
6
Suppose -56*q + 1604790 - 648919 = -1323273. What is the ten thousands digit of q?
4
Let i = 11864 + -7400. What is the tens digit of i?
6
Let q be (-17)/3 - 4/(-6). Let c be (-4 + 4)/q - -14. Suppose -18*r = -c*r - 24. What is the units digit of r?
6
Suppose -4*l - 5 = -5*l. Suppose 2*y - 158 = 2*x, 5*y - 11 = -l*x + 334. Suppose 0 = -3*w + 4*w - y. What is the tens digit of w?
7
Let t be (4/3)/(12/45). Suppose -6*m + 1860 = -2*m + 2*s, 2325 = t*m + s. What is the hundreds digit of m?
4
Let o = 4141 - 1337. Suppose 571*y = 567*y + o. What is the tens digit of y?
0
What is the hundreds digit of (488/(-305))/((-1)/5745)?
1
Let j be (-236)/(-13) - (-32)/(-208). Suppose -5*t = -j*t + 325. What is the units digit of t?
5
Suppose 4*w + 27*p = 22*p + 7231, 5*p = -5*w + 9040. What is the tens digit of w?
0
Suppose 21*u + 46473 = 145719. What is the hundreds digit of u?
7
Suppose -26*f - 3*q + 39739 = -31879, 4*q = 4*f - 11036. What is the hundreds digit of f?
7
Let k = -59348 + 87814. What is the units digit of k?
6
Suppose -4*v - 795 + 203 = 0. Let l = v + 14. What is the units digit of l*(-2)/4 - (4 - 6)?
9
Let s(g) = -12*g + 23. Let o(q) = 6*q - 12. Let z(j) = 11*o(j) + 6*s(j). Let t be z(2). What is the units digit of 1/(1/(-12))*3/t?
6
Let x = -675 + 1415. Suppose 2110 = 5*l + x. Let n = -128 + l. What is the units digit of n?
6
Suppose -c - 88 = -5*c. Let q = c + -63. Let a = 45 + q. What is the units digit of a?
4
Let z be 10/2 + -1 + 12. Let b(v) = -z + 8 + 28*v + 6. What is the units digit of b(1)?
6
What is the tens digit of 2 + 336267*13/117?
6
Let n = 13653 + -11241. What is the tens digit of n?
1
Let s = -1457 + 2159. Suppose s - 200 = z. What is the tens digit of z?
0
Let l be ((-2)/5)/((-15)/75). Suppose -3*x + 32 = -l*r, -x + 16 = -2*r - 0*r. What is the units digit of (-42)/(-4) + ((-24)/x)/6?
0
Let i(h) be the first derivative of h**4/4 + 3*h**3 + 5*h**2/2 + 26*h - 2. Let p = -1159 - -1151. What is the tens digit of i(p)?
5
Let r(g) = 94080*g**3 - 10*g**2 + 2*g + 7. What is the ten thousands digit of r(1)?
9
Let b = -604 - -614. Suppose 19*l = b*l + 2754. What is the units digit of l?
6
Suppose -17 = u + d - 3*d, -3*u = 2*d + 67. Let p be 1/5 + u/5. What is the hundreds digit of 4645/20 - (-1)/p?
2
Let x(y) = -3*y + 12. Let n be x(3). Suppose n*d = -378 + 1335. What is the units digit of d?
9
Suppose 27*f - 23*f - 61512 = -4*a, 2*f = 7*a + 30810. What is the tens digit of f?
8
Let g(j) = 3*j + 10 - 31 - 10. Let u be g(11). Suppose 223 + 237 = 5*n + u*l, 3*n + 5*l = 276. What is the units digit of n?
2
Suppose -2*f - 7784 - 1806 = -2*p, -p + 4*f = -4780. Suppose 7*y = 17*y - p. What is the hundreds digit of y?
4
Let o(d) = d**3 - 14*d**2 + 2*d - 6. Let b be o(14). What is the hundreds 